{"id":22766,"date":"2021-10-24T11:51:58","date_gmt":"2021-10-24T14:51:58","guid":{"rendered":"http:\/\/teixeiraimoveisparaty.com.br\/imoveis\/?page_id=22766"},"modified":"2024-11-05T15:46:54","modified_gmt":"2024-11-05T18:46:54","slug":"quem-somos","status":"publish","type":"page","link":"https:\/\/teixeiraimoveisparaty.com.br\/imoveis\/quem-somos\/","title":{"rendered":"Quem Somos"},"content":{"rendered":"<p>[vc_row][vc_column][vc_empty_space][vc_custom_heading text=&#8221;Teixeira Im\u00f3veis Paraty &amp; Cia&#8221; font_container=&#8221;tag:h2|font_size:46|text_align:center|color:%23878787|line_height:1.5&#8243; google_fonts=&#8221;font_family:Open%20Sans%3A300%2C300italic%2Cregular%2Citalic%2C600%2C600italic%2C700%2C700italic%2C800%2C800italic|font_style:700%20bold%20regular%3A700%3Anormal&#8221;][vc_empty_space height=&#8221;42px&#8221;][\/vc_column][\/vc_row][vc_row][vc_column width=&#8221;1\/2&#8243;][vc_empty_space height=&#8221;80px&#8221;][vc_single_image image=&#8221;22790&#8243; img_size=&#8221;full&#8221;][\/vc_column][vc_column width=&#8221;1\/2&#8243;][vc_custom_heading text=&#8221;Teixeira Im\u00f3veis Paraty &amp; Cia, atua no mercado imobili\u00e1rio do Sul Fluminense, tendo sua sede em Paraty, onde atua h\u00e1 mais de 15 anos.<br \/>\nOferecemos aos nossos clientes as melhores oportunidades de neg\u00f3cios, estudamos seu perfil e indicamos dentro de nosso portf\u00f3lio de im\u00f3veis o que se enquadra dentro de suas expectativas.<br \/>\n&#8221; font_container=&#8221;tag:h2|font_size:19|text_align:justify|color:%23777777|line_height:1.5&#8243; google_fonts=&#8221;font_family:Open%20Sans%3A300%2C300italic%2Cregular%2Citalic%2C600%2C600italic%2C700%2C700italic%2C800%2C800italic|font_style:400%20regular%3A400%3Anormal&#8221;][vc_empty_space height=&#8221;26px&#8221;][vc_custom_heading text=&#8221;Contamos tamb\u00e9m com assessoria jur\u00eddica para nossos clientes, auxiliando e dando suporte aos nossos clientes, atuamos com: Elabora\u00e7\u00e3o de contratos, usucapi\u00e3o, invent\u00e1rios, partilha de bens, direito tribut\u00e1rio, an\u00e1lise documental, processo civil e processo trabalhista.&#8221; font_container=&#8221;tag:h2|font_size:19|text_align:justify|color:%23777777|line_height:1.5&#8243; google_fonts=&#8221;font_family:Open%20Sans%3A300%2C300italic%2Cregular%2Citalic%2C600%2C600italic%2C700%2C700italic%2C800%2C800italic|font_style:400%20regular%3A400%3Anormal&#8221;][\/vc_column][\/vc_row][vc_row][vc_column][vc_empty_space height=&#8221;42px&#8221;][\/vc_column][\/vc_row][vc_row][vc_column][vc_custom_heading text=&#8221;Nosso Contato&#8221; font_container=&#8221;tag:h2|font_size:26|text_align:center|color:%23444444|line_height:1.5&#8243; google_fonts=&#8221;font_family:Open%20Sans%3A300%2C300italic%2Cregular%2Citalic%2C600%2C600italic%2C700%2C700italic%2C800%2C800italic|font_style:600%20bold%20regular%3A600%3Anormal&#8221;][vc_empty_space height=&#8221;16px&#8221;][vc_custom_heading text=&#8221;Rua Presidente Pedreira, n\u00ba 788, Ch\u00e1cara, Paraty \u2013 RJ, cep: 23970-00&#8243; font_container=&#8221;tag:h2|font_size:19|text_align:center|color:%23777777|line_height:1.5&#8243; google_fonts=&#8221;font_family:Open%20Sans%3A300%2C300italic%2Cregular%2Citalic%2C600%2C600italic%2C700%2C700italic%2C800%2C800italic|font_style:400%20regular%3A400%3Anormal&#8221;][vc_empty_space height=&#8221;16px&#8221;][\/vc_column][\/vc_row][vc_row][vc_column width=&#8221;1\/4&#8243;][vc_empty_space height=&#8221;42px&#8221;][\/vc_column][vc_column width=&#8221;1\/2&#8243;][vc_column_text]<span style=\"font-size: 10pt;\"><img loading=\"lazy\" decoding=\"async\" width=\"25\" height=\"25\" class=\"wp-image-19973\" src=\"https:\/\/teixeiraimoveisparaty.com.br\/imoveis\/wp-content\/uploads\/2018\/12\/zap-1.jpg\" alt=\"\" \/><span style=\"font-size: 12pt;\"><strong> 24 98843-7587\u00a0 \u00a0<\/strong><\/span><\/span>[\/vc_column_text][\/vc_column][vc_column width=&#8221;1\/4&#8243;][\/vc_column][\/vc_row][vc_row][vc_column][vc_masonry_media_grid element_width=&#8221;3&#8243; grid_id=&#8221;vc_gid:1730832343338-e7994739-2334-9&#8243; include=&#8221;22772,22773,22774,22775&#8243;][\/vc_column][\/vc_row]<\/p>\n","protected":false},"excerpt":{"rendered":"<p>[vc_row][vc_column][vc_empty_space][vc_custom_heading text=&#8221;Teixeira Im\u00f3veis Paraty &amp; Cia&#8221; font_container=&#8221;tag:h2|font_size:46|text_align:center|color:%23878787|line_height:1.5&#8243; google_fonts=&#8221;font_family:Open%20Sans%3A300%2C300italic%2Cregular%2Citalic%2C600%2C600italic%2C700%2C700italic%2C800%2C800italic|font_style:700%20bold%20regular%3A700%3Anormal&#8221;][vc_empty_space height=&#8221;42px&#8221;][\/vc_column][\/vc_row][vc_row][vc_column width=&#8221;1\/2&#8243;][vc_empty_space height=&#8221;80px&#8221;][vc_single_image image=&#8221;22790&#8243; img_size=&#8221;full&#8221;][\/vc_column][vc_column width=&#8221;1\/2&#8243;][vc_custom_heading text=&#8221;Teixeira Im\u00f3veis Paraty &amp; Cia, atua no mercado imobili\u00e1rio do Sul Fluminense, tendo sua sede em Paraty, onde atua h\u00e1 mais de 15 anos. Oferecemos aos nossos clientes as melhores oportunidades de neg\u00f3cios, estudamos seu perfil e indicamos dentro de nosso portf\u00f3lio de im\u00f3veis o que se enquadra dentro de &#8230;<\/p>\n","protected":false},"author":1,"featured_media":0,"parent":0,"menu_order":0,"comment_status":"closed","ping_status":"closed","template":"","meta":{"_joinchat":[],"footnotes":""},"class_list":["post-22766","page","type-page","status-publish","hentry"],"_links":{"self":[{"href":"https:\/\/teixeiraimoveisparaty.com.br\/imoveis\/wp-json\/wp\/v2\/pages\/22766","targetHints":{"allow":["GET"]}}],"collection":[{"href":"https:\/\/teixeiraimoveisparaty.com.br\/imoveis\/wp-json\/wp\/v2\/pages"}],"about":[{"href":"https:\/\/teixeiraimoveisparaty.com.br\/imoveis\/wp-json\/wp\/v2\/types\/page"}],"author":[{"embeddable":true,"href":"https:\/\/teixeiraimoveisparaty.com.br\/imoveis\/wp-json\/wp\/v2\/users\/1"}],"replies":[{"embeddable":true,"href":"https:\/\/teixeiraimoveisparaty.com.br\/imoveis\/wp-json\/wp\/v2\/comments?post=22766"}],"version-history":[{"count":30,"href":"https:\/\/teixeiraimoveisparaty.com.br\/imoveis\/wp-json\/wp\/v2\/pages\/22766\/revisions"}],"predecessor-version":[{"id":50430,"href":"https:\/\/teixeiraimoveisparaty.com.br\/imoveis\/wp-json\/wp\/v2\/pages\/22766\/revisions\/50430"}],"wp:attachment":[{"href":"https:\/\/teixeiraimoveisparaty.com.br\/imoveis\/wp-json\/wp\/v2\/media?parent=22766"}],"curies":[{"name":"wp","href":"https:\/\/api.w.org\/{rel}","templated":true}]}}

<p>[vc_row][vc_column][vc_empty_space][vc_custom_heading text=&#8221;Teixeira Imóveis Paraty &amp; Cia&#8221; font_container=&#8221;tag:h2|font_size:46|text_align:center|color:%23878787|line_height:1.5&#8243; google_fonts=&#8221;font_family:Open%20Sans%3A300%2C300italic%2Cregular%2Citalic%2C600%2C600italic%2C700%2C700italic%2C800%2C800italic|font_style:700%20bold%20regular%3A700%3Anormal&#8221;][vc_empty_space height=&#8221;42px&#8221;][/vc_column][/vc_row][vc_row][vc_column width=&#8221;1/2&#8243;][vc_empty_space height=&#8221;80px&#8221;][vc_single_image image=&#8221;22790&#8243; img_size=&#8221;full&#8221;][/vc_column][vc_column width=&#8221;1/2&#8243;][vc_custom_heading text=&#8221;Teixeira Imóveis Paraty &amp; Cia, atua no mercado imobiliário do Sul Fluminense, tendo sua sede em Paraty, onde atua há mais de 15 anos.<br />
Oferecemos aos nossos clientes as melhores oportunidades de negócios, estudamos seu perfil e indicamos dentro de nosso portfólio de imóveis o que se enquadra dentro de suas expectativas.<br />
&#8221; font_container=&#8221;tag:h2|font_size:19|text_align:justify|color:%23777777|line_height:1.5&#8243; google_fonts=&#8221;font_family:Open%20Sans%3A300%2C300italic%2Cregular%2Citalic%2C600%2C600italic%2C700%2C700italic%2C800%2C800italic|font_style:400%20regular%3A400%3Anormal&#8221;][vc_empty_space height=&#8221;26px&#8221;][vc_custom_heading text=&#8221;Contamos também com assessoria jurídica para nossos clientes, auxiliando e dando suporte aos nossos clientes, atuamos com: Elaboração de contratos, usucapião, inventários, partilha de bens, direito tributário, análise documental, processo civil e processo trabalhista.&#8221; font_container=&#8221;tag:h2|font_size:19|text_align:justify|color:%23777777|line_height:1.5&#8243; google_fonts=&#8221;font_family:Open%20Sans%3A300%2C300italic%2Cregular%2Citalic%2C600%2C600italic%2C700%2C700italic%2C800%2C800italic|font_style:400%20regular%3A400%3Anormal&#8221;][/vc_column][/vc_row][vc_row][vc_column][vc_empty_space height=&#8221;42px&#8221;][/vc_column][/vc_row][vc_row][vc_column][vc_custom_heading text=&#8221;Nosso Contato&#8221; font_container=&#8221;tag:h2|font_size:26|text_align:center|color:%23444444|line_height:1.5&#8243; google_fonts=&#8221;font_family:Open%20Sans%3A300%2C300italic%2Cregular%2Citalic%2C600%2C600italic%2C700%2C700italic%2C800%2C800italic|font_style:600%20bold%20regular%3A600%3Anormal&#8221;][vc_empty_space height=&#8221;16px&#8221;][vc_custom_heading text=&#8221;Rua Presidente Pedreira, nº 788, Chácara, Paraty – RJ, cep: 23970-00&#8243; font_container=&#8221;tag:h2|font_size:19|text_align:center|color:%23777777|line_height:1.5&#8243; google_fonts=&#8221;font_family:Open%20Sans%3A300%2C300italic%2Cregular%2Citalic%2C600%2C600italic%2C700%2C700italic%2C800%2C800italic|font_style:400%20regular%3A400%3Anormal&#8221;][vc_empty_space height=&#8221;16px&#8221;][/vc_column][/vc_row][vc_row][vc_column width=&#8221;1/4&#8243;][vc_empty_space height=&#8221;42px&#8221;][/vc_column][vc_column width=&#8221;1/2&#8243;][vc_column_text]<span style="font-size: 10pt;"><img loading="lazy" decoding="async" width="25" height="25" class="wp-image-19973" src="https://teixeiraimoveisparaty.com.br/imoveis/wp-content/uploads/2018/12/zap-1.jpg" alt="" /><span style="font-size: 12pt;"><strong> 24 98843-7587   </strong></span></span>[/vc_column_text][/vc_column][vc_column width=&#8221;1/4&#8243;][/vc_column][/vc_row][vc_row][vc_column][vc_masonry_media_grid element_width=&#8221;3&#8243; grid_id=&#8221;vc_gid:1730832343338-e7994739-2334-9&#8243; include=&#8221;22772,22773,22774,22775&#8243;][/vc_column][/vc_row]</p>

<p>[vc_row][vc_column][vc_empty_space][vc_custom_heading text=&#8221;Teixeira Imóveis Paraty &amp; Cia&#8221; font_container=&#8221;tag:h2|font_size:46|text_align:center|color:%23878787|line_height:1.5&#8243; google_fonts=&#8221;font_family:Open%20Sans%3A300%2C300italic%2Cregular%2Citalic%2C600%2C600italic%2C700%2C700italic%2C800%2C800italic|font_style:700%20bold%20regular%3A700%3Anormal&#8221;][vc_empty_space height=&#8221;42px&#8221;][/vc_column][/vc_row][vc_row][vc_column width=&#8221;1/2&#8243;][vc_empty_space height=&#8221;80px&#8221;][vc_single_image image=&#8221;22790&#8243; img_size=&#8221;full&#8221;][/vc_column][vc_column width=&#8221;1/2&#8243;][vc_custom_heading text=&#8221;Teixeira Imóveis Paraty &amp; Cia, atua no mercado imobiliário do Sul Fluminense, tendo sua sede em Paraty, onde atua há mais de 15 anos. Oferecemos aos nossos clientes as melhores oportunidades de negócios, estudamos seu perfil e indicamos dentro de nosso portfólio de imóveis o que se enquadra dentro de &#8230;</p>
